at are the prime factors of 3633413?
7, 311, 1669
What are the prime factors of 178589?
271, 659
What are the prime factors of 2858415?
3, 5, 7, 3889
List the prime factors of 2486062.
2, 673, 1847
What are the prime factors of 5555469?
3, 89, 20807
List the prime factors of 425871.
3, 15773
List the prime factors of 2469350.
2, 5, 13, 29, 131
List the prime factors of 48179.
48179
List the prime factors of 448032.
2, 3, 13, 359
What are the prime factors of 36288?
2, 3, 7
What are the prime factors of 1476915?
3, 5, 11, 8951
List the prime factors of 7340793.
3, 2446931
List the prime factors of 1152117.
3, 71, 601
What are the prime factors of 23837172?
2, 3, 19, 104549
What are the prime factors of 14706606?
2, 3, 2451101
What are the prime factors of 11632418?
2, 7, 830887
What are the prime factors of 1804669?
17, 83, 1279
List the prime factors of 108632.
2, 37, 367
What are the prime factors of 1943169?
3, 647723
What are the prime factors of 10427224?
2, 139, 9377
List the prime factors of 2649751.
13, 15679
What are the prime factors of 208639?
19, 79, 139
List the prime factors of 97753.
67, 1459
List the prime factors of 2971844.
2, 41, 18121
List the prime factors of 10349534.
2, 13, 398059
What are the prime factors of 758430?
2, 3, 5, 53
What are the prime factors of 3505768?
2, 7, 62603
What are the prime factors of 2696292?
2, 3, 74897
What are the prime factors of 1100204?
2, 7, 39293
List the prime factors of 2666913.
3, 113, 7867
List the prime factors of 11179681.
107, 163, 641
List the prime factors of 12432.
2, 3, 7, 37
What are the prime factors of 249004?
2, 7, 8893
List the prime factors of 80341.
80341
What are the prime factors of 196072?
2, 24509
What are the prime factors of 14668920?
2, 3, 5, 7, 5821
List the prime factors of 213094.
2, 7, 31, 491
List the prime factors of 885179.
521, 1699
List the prime factors of 16450129.
23, 715223
List the prime factors of 2167383.
3, 41, 67, 263
List the prime factors of 10716372.
2, 3, 179, 1663
What are the prime factors of 533265?
3, 5, 73, 487
What are the prime factors of 1453467?
3, 484489
What are the prime factors of 1967531?
277, 7103
List the prime factors of 11352049.
11352049
List the prime factors of 4610682.
2, 3, 53, 179
What are the prime factors of 61657?
61657
List the prime factors of 518439.
3, 61, 2833
What are the prime factors of 375339?
3, 125113
List the prime factors of 200541.
3, 11, 59, 103
What are the prime factors of 532485?
3, 5, 11833
What are the prime factors of 22094663?
19, 1162877
What are the prime factors of 3665941?
3665941
List the prime factors of 263930.
2, 5, 26393
List the prime factors of 48356.
2, 7, 11, 157
What are the prime factors of 1631932?
2, 17, 103, 233
What are the prime factors of 6473261?
37, 53, 3301
List the prime factors of 27331220.
2, 5, 7, 167
What are the prime factors of 180825?
3, 5, 2411
What are the prime factors of 52606?
2, 29, 907
What are the prime factors of 24602619?
3, 859, 9547
List the prime factors of 8721780.
2, 3, 5, 61, 2383
What are the prime factors of 4233529?
67, 179, 353
What are the prime factors of 42292?
2, 97, 109
What are the prime factors of 13849946?
2, 11, 179, 3517
List the prime factors of 255242.
2, 13, 9817
What are the prime factors of 580885?
5, 116177
List the prime factors of 991305.
3, 5, 7, 1049
List the prime factors of 775402.
2, 29, 461
What are the prime factors of 4995483?
3, 1665161
List the prime factors of 104373.
3, 11597
What are the prime factors of 2499841?
61, 107, 383
List the prime factors of 289825.
5, 11593
What are the prime factors of 2205906?
2, 3, 367651
What are the prime factors of 5213228?
2, 1303307
List the prime factors of 3412242.
2, 3, 163, 1163
List the prime factors of 1794662.
2, 59, 67, 227
What are the prime factors of 3148055?
5, 629611
What are the prime factors of 1193653?
1193653
List the prime factors of 13825.
5, 7, 79
List the prime factors of 30854.
2, 15427
List the prime factors of 415807.
7, 191, 311
List the prime factors of 4345408.
2, 43, 1579
List the prime factors of 91831.
131, 701
What are the prime factors of 696593?
617, 1129
What are the prime factors of 9376332?
2, 3, 7, 111623
What are the prime factors of 4943239?
7, 547, 1291
What are the prime factors of 4521988?
2, 1130497
What are the prime factors of 2316278?
2, 1158139
List the prime factors of 318068.
2, 131, 607
What are the prime factors of 4704236?
2, 23, 51133
List the prime factors of 2352327.
3, 784109
List the prime factors of 12250180.
2, 5, 29, 21121
List the prime factors of 274164.
2, 3, 11, 31, 67
List the prime factors of 17998.
2, 8999
List the prime factors of 520520.
2, 5, 7, 11, 13
What are the prime factors of 103138?
2, 7, 53, 139
What are the prime factors of 2350805?
5, 470161
List the prime factors of 2671220.
2, 5, 23, 5807
List the prime factors of 4693.
13, 19
What are the prime factors of 4260436?
2, 1065109
List the prime factors of 16304674.
2, 1433, 5689
List the prime factors of 14863075.
5, 594523
What are the prime factors of 5776416?
2, 3, 31, 647
What are the prime factors of 24300813?
3, 487, 16633
What are the prime factors of 459254?
2, 229627
List the prime factors of 39664878.
2, 3, 11, 600983
List the prime factors of 17997195.
3, 5, 1199813
List the prime factors of 557764.
2, 19, 41, 179
What are the prime factors of 632106?
2, 3, 35117
What are the prime factors of 214260?
2, 3, 5, 3571
What are the prime factors of 149291?
337, 443
What are the prime factors of 6725885?
5, 1345177
What are the prime factors of 186035?
5, 29, 1283
List the prime factors of 672863.
672863
List the prime factors of 26647968.
2, 3, 139, 1997
List the prime factors of 1635536.
2, 7, 17, 859
What are the prime factors of 11568693?
3, 3856231
List the prime factors of 2279346.
2, 3, 23, 83, 199
List the prime factors of 38161.
31, 1231
What are the prime factors of 190435?
5, 7, 5441
List the prime factors of 4557317.
73, 163, 383
What are the prime factors of 26350?
2, 5, 17, 31
What are the prime factors of 1645352?
2, 43, 4783
What are the prime factors of 1144222?
2, 173, 3307
What are the prime factors of 1128088?
2, 13, 10847
What are the prime factors of 21358538?
2, 193, 55333
List the prime factors of 150766.
2, 7, 11, 89
What are the prime factors of 135831?
3, 19, 2383
List the prime factors of 137277.
3, 7, 2179
List the prime factors of 685375.
5, 5483
What are the prime factors of 1532474?
2, 766237
List the prime factors of 1539124.
2, 67, 5743
List the prime factors of 1555486.
2, 777743
What are the prime factors of 768942?
2, 3, 42719
What are the prime factors of 1875622?
2, 7, 19139
List the prime factors of 699217.
699217
List the prime factors of 138079.
138079
List the prime factors of 929798.
2, 17, 23, 29, 41
What are the prime factors of 3411527?
7, 69623
List the prime factors of 380257.
73, 5209
List the prime factors of 35386.
2, 13, 1361
What are the prime factors of 760798?
2, 19, 20021
List the prime factors of 8559771.
3, 11, 259387
List the prime factors of 1181475.
3, 5, 59, 89
List the prime factors of 252759.
3, 13, 6481
What are the prime factors of 3575375?
5, 28603
List the prime factors of 567391.
11, 51581
What are the prime factors of 718451?
23, 31237
What are the prime factors of 18097189?
11, 29, 56731
List the prime factors of 879611.
673, 1307
What are the prime factors of 2081305?
5, 197, 2113
What are the prime factors of 11656157?
191, 61027
List the prime factors of 216745.
5, 67, 647
List the prime factors of 89619.
3, 29873
What are the prime factors of 273994?
2, 7, 19571
What are the prime factors of 519226?
2, 89, 2917
List the prime factors of 2326392.
2, 3, 79, 409
What are the prime factors of 8027702?
2, 4013851
What are the prime factors of 1002531?
3, 334177
List the prime factors of 1822889.
367, 4967
What are the prime factors of 2599431?
3, 866477
List the prime factors of 51513.
3, 7, 11, 223
What are the prime factors of 11377215?
3, 5, 252827
What are the prime factors of 1097107?
11, 9067
List the prime factors of 2972589.
3, 23, 67, 643
What are the prime factors of 85157?
31, 41, 67
What are the prime factors of 6851670?
2, 3, 5, 7, 59, 79
List the prime facto